*2 + 11*n + 11. Determine t(-1).
167
Let z(w) = 22490*w - 112444. Calculate z(5).
6
Let r(s) = 36*s**2 - 5*s + 8. What is r(2)?
142
Let i(d) = d**3 - 48*d**2 + 48*d - 39. Calculate i(47).
8
Let m(w) = 5*w**2 - 171*w + 37. Calculate m(34).
3
Let s(x) = -87*x + 2653. What is s(28)?
217
Let q(v) = 12*v**3 - 110*v**2 + 18*v - 4. What is q(9)?
-4
Let c(t) = 2*t**3 - 77*t**2 + 39*t - 59. What is c(38)?
-21
Let h(k) = -5*k**3 - 9*k + 11. What is h(1)?
-3
Let x(m) = -17*m**2 - 510*m - 10. Determine x(-30).
-10
Let r(o) = 71*o - 280. What is r(4)?
4
Let u(k) = k**2 - 126*k + 1755. Determine u(110).
-5
Let s(h) = 67*h - 75. Give s(-2).
-209
Let u(j) = -455*j**2 + 22299*j - 190. Give u(49).
6
Let n(r) = r**2 - 81*r + 323. Determine n(80).
243
Let p(x) = 51*x + 113. Determine p(-2).
11
Let n(f) = 232*f - 5807. Give n(25).
-7
Let t(f) = f**2 - 88*f + 1370. What is t(23)?
-125
Let f(b) = b**3 - 79*b**2 + 1034*b + 1235. Calculate f(62).
-5
Let i(q) = -q**2 - 16*q - 89. Calculate i(-17).
-106
Let z(k) = 219*k - 18382. Give z(84).
14
Let m(d) = d**3 + 21*d**2 - 38*d + 176. Calculate m(-23).
-8
Let q(d) = -36*d - 1314. Give q(-47).
378
Let q(j) = 27*j**2 - 913*j - 148. Calculate q(34).
22
Let j(q) = 12*q - 272. Determine j(23).
4
Let u(x) = -365*x + 4076. What is u(11)?
61
Let f(g) = -g**3 + 27*g**2 - 61*g + 26. Determine f(24).
290
Let y(z) = -243*z + 1318. Give y(5).
103
Let n(z) = 2*z**3 + 6*z**2 - 9*z + 6. Determine n(4).
194
Let m(x) = -311*x - 943. What is m(-3)?
-10
Let a(o) = -12*o**2 - 380*o - 244. Determine a(-31).
4
Let t(x) = -21*x**2 + 4467*x + 1267. What is t(213)?
-11
Let s(t) = -2*t**3 - 47*t**2 + 204*t + 63. What is s(4)?
-1
Let p(m) = -1376*m - 4135. Give p(-3).
-7
Let d(g) = g**3 - 15*g**2 + 36*g + 3. Give d(3).
3
Let m(g) = -g**2 + 124*g - 1898. Calculate m(18).
10
Let p(g) = -g**2 + 28*g - 112. What is p(23)?
3
Let h(x) = -x**3 + 46*x**2 - 39*x - 284. Determine h(45).
-14
Let n(z) = -z**3 + 16*z**2 + 102*z + 55. Give n(21).
-8
Let u(m) = -82*m + 1424. What is u(20)?
-216
Let n(y) = -3*y**3 - 43*y**2 + 84*y + 41. What is n(-16)?
-23
Let l(q) = q**3 - 2*q**2 - 82*q + 4. What is l(10)?
-16
Let j(u) = 4*u**2 + 142*u + 65. Give j(-35).
-5
Let l(h) = -3*h - 8. What is l(-18)?
46
Let w(y) = -6*y - 902. Determine w(-121).
-176
Let x(k) = -48*k**2 - 4945*k - 107. Give x(-103).
-4
Let z(d) = -9*d**2 - 32*d + 47. Give z(2).
-53
Let t(w) = -2*w**3 - 37*w**2 + 203*w - 13. Determine t(-23).
79
Let l(f) = 28*f + 955. What is l(-34)?
3
Let s(g) = -203*g + 814. Give s(4).
2
Let c(g) = -g**2 - 28*g - 220. What is c(-12)?
-28
Let r(f) = f**3 - 18*f**2 - 102*f - 32. What is r(22)?
-340
Let x(l) = -235*l + 2773. Give x(11).
188
Let o(d) = -2*d**3 - 7*d**2 + 30*d + 101. Calculate o(-4).
-3
Let c(k) = 147*k - 1183. Give c(8).
-7
Let k(f) = -40*f + 177. Calculate k(9).
-183
Let t(s) = 25*s**2 - 12*s + 2. Give t(1).
15
Let h(a) = -29*a - 2523. Determine h(-87).
0
Let u(i) = 2*i**2 + 5*i - 6. Give u(4).
46
Let t(s) = 60*s**2 - 30*s - 26. Give t(-1).
64
Let w(k) = k**3 - 15*k**2 - 34*k - 6. Determine w(17).
-6
Let h(g) = 93*g - 4393. What is h(50)?
257
Let r(m) = 144*m + 102. What is r(2)?
390
Let z(v) = 84*v + 518. Give z(-10).
-322
Let p(u) = 6*u + 9. Determine p(11).
75
Let c(d) = -5*d**2 - 38*d - 36. Give c(-6).
12
Let f(y) = -2*y**2 + 344*y + 1765. Calculate f(-5).
-5
Let a(w) = -2*w**2 + 45*w + 89. Give a(28).
-219
Let p(r) = 393*r - 2370. What is p(6)?
-12
Let g(r) = 3*r**2 - 134*r - 2326. What is g(58)?
-6
Let d(m) = -2*m**3 + 14*m**2 + 13*m - 171. Calculate d(7).
-80
Let o(j) = -39*j + 2782. What is o(71)?
13
Let o(z) = -2*z**2 - 785*z - 76670. Give o(-183).
7
Let c(n) = -n**3 + 7*n**2 - 13*n + 22. Determine c(6).
-20
Let o(p) = 2*p**2 + 128*p + 29. Give o(-62).
-219
Let w(u) = -u**2 + 544*u + 2737. Calculate w(-5).
-8
Let k(w) = -16*w + 48. Give k(-8).
176
Let v(c) = 13780*c - 41331. Calculate v(3).
9
Let v(t) = 41*t + 131. Calculate v(-5).
-74
Let f(p) = 237*p + 5880. Determine f(-25).
-45
Let g(m) = -2*m**3 - 4*m**2 + 48*m + 176. Determine g(-3).
50
Let t(b) = -46*b**2 + 4*b + 50. Calculate t(-5).
-1120
Let u(a) = -2*a**3 - 67*a**2 + 715*a + 61. Determine u(-42).
19
Let g(a) = 5*a**3 + 433*a**2 - 1531*a - 93. Calculate g(-90).
-3
Let i(g) = -12*g - 348. Determine i(0).
-348
Let y(p) = -58*p + 9149. Calculate y(158).
-15
Let g(a) = -3*a - 90. What is g(-19)?
-33
Let j(d) = -1123*d - 2253. Give j(-2).
-7
Let w(f) = -26*f**2 - 310*f + 21. Determine w(-12).
-3
Let n(j) = -j**2 + 58*j + 1352. Calculate n(75).
77
Let z(c) = 46*c + 1193. Give z(-26).
-3
Let f(a) = -118*a + 586. Calculate f(5).
-4
Let v(c) = -6*c**2 + 100*c - 86. What is v(16)?
-22
Let j(t) = 1285*t + 14123. Determine j(-11).
-12
Let b(a) = -5*a**2 - 11*a - 12. What is b(-3)?
-24
Let a(l) = l**3 - 13*l**2 - 17*l + 5. Determine a(12).
-343
Let t(v) = -v**2 + 35*v + 3596. Give t(-45).
-4
Let v(b) = -7*b**3 + 33*b**2 - 13*b + 10. What is v(6)?
-392
Let x(q) = -2*q**2 - 27*q - 87. What is x(-14)?
-101
Let y(k) = -3*k**2 + 62*k - 126. What is y(18)?
18
Let n(r) = -r**3 + 41*r**2 - 5*r + 178. What is n(41)?
-27
Let s(w) = -12*w**2 - 118*w - 86. What is s(-9)?
4
Let b(x) = -x**2 - 75*x + 998. Determine b(13).
-146
Let z(m) = 284*m - 3126. Calculate z(11).
-2
Let p(q) = 2*q**3 + 19*q**2 - 21*q - 237. What is p(-9)?
33
Let i(q) = -14*q**2 - 160*q + 297. What is i(-13)?
11
Let m(n) = 29*n**2 + 162*n + 163. Give m(-1).
30
Let t(m) = -4*m**3 + 35*m**2 - 73*m + 17. Determine t(3).
5
Let s(l) = -30*l + 664. Give s(22).
4
Let w(l) = -2*l**3 + 2*l**2 + 18*l - 39. Determine w(0).
-39
Let q(c) = 5*c**3 + 16*c**2 + 18*c + 23. Determine q(-6).
-589
Let k(h) = 13*h - 105. What is k(9)?
12
Let g(a) = 3*a**3 + 20*a**2 - 51*a + 5. Determine g(2).
7
Let v(n) = 4*n**2 - 85*n + 106. What is v(20)?
6
Let k(b) = b**2 - 1245*b - 12551. What is k(-10)?
-1
Let c(r) = -3104*r + 3110. What is c(1)?
6
Let z(g) = g**3 - 69*g**2 - 28*g + 1931. Determine z(69).
-1
Let j(w) = 77*w**2 + 43*w - 4. Calculate j(-1).
30
Let t(m) = -23*m**3 + 93*m**2 - 2*m - 10. Give t(4).
-2
Let r(g) = 67*g + 327. What is r(-5)?
-8
Let z(u) = -1313*u - 1318. Calculate z(-1).
-5
Let r(j) = 3*j - 12. Give r(24).
60
Let w(t) = -284*t + 6. What is w(-1)?
290
Let t(w) = 3*w**3 + 321*w**2 + w + 110. What is t(-107)?
3
Let r(z) = 104*z - 132. Calculate r(-1).
-236
Let k(w) = -38*w**2 - 254*w - 11. Determine k(-8).
-411
Let l(n) = 15*n**2 + 22*n + 23. Calculate l(-1).
16
Let n(z) = -z**3 - 53*z**2 + 2*z + 164. Give n(-53).
58
Let f(w) = -154*w - 28637. What is f(-186)?
7
Let v(c) = -135*c + 1606. Give v(11).
121
Let z(i) = 44*i**2 + 4*i. Calculate z(-1).
40
Let b(l) = -l**3 + 16*l**2 - 52*l - 48. Determine b(7).
29
Let w(z) = z**3 - 34*z**2 - 2015*z - 1. Give w(-31).
-1
Let x(a) = 22*a**2 + 23*a - 10. What is x(-2)?
32
Let k(h) = -12*h**2 - 90*h - 44. What is k(-7)?
-2
Let i(u) = u**3 - 15*u**2 + 15*u + 48. Give i(14).
62
Let z(q) = -131*q + 2610. Give z(20).
-10
Let v(g) = -3*g**3 + 16*g**2 - 27*g + 41. What is v(4)?
-3
Let o(v) = -2*v**3 - 3*v**2 + 6*v - 11. Determine o(2).
-27
Let d(l) = 3*l + 57. What is d(17)?
108
Let t(c) = 2*c**3 + 34*c**2 - 15*c - 33. Determine t(-17).
222
Let v(n) = -42*n - 217. Determine v(-5).
-7
Let c(z) = 3*z**2 - 17*z + 37. Calculate c(9).
127
Let t(y) = -y**2 - 25*y - 149. Give t(-11).
5
Let u(t) = 5*t**3 - 108*t**2 - 45*t - 2. Give u(22).
-24
Let f(n) = -10*n**2 + 80*n - 144. Calculate f(5).
6
Let r(t) = -2*t**3 + 4*t**2 - 17*t + 96. Calculate r(4).
-36
Let g(c) = 3*c**2 - 28*c - 192. Determine g(13).
-49
Let j(l) = -3*l + 497. Determine j(-6).
515
Let z(t) = -t**3 - 7*t**2 - 78*t - 268. What is z(-4)?
-4
Let u(x) = -30*x - 2284. Calculate u(-73).
-94
Let b(k) = -3967*k - 15873. Determine b(-4).
-5
Let w(z) = 495*z - 4451. What is w(9)?
4
Let u(o) = -2*o**2 - 161*o - 451. Give u(-77).
88
Let k(c) = 644*c + 39. Give k(1).
683
Let z(v) = 10*v - 307. Calculate z(34).
33
Let l(v) = -v**3 - 48*v**2 + 106*v + 254. Determine l(-50).
-46
Let z(v) = v**2 + 40*v - 35. Give z(0).
-35
Let b(i) = -i**2 + 47*i - 412. Give b(33).
50
Let l(g) = -g**3 - 35*g**2 + 55*g - 658. Calculate l(-37).
45
Let o(z) = 37*z**2 + 109*z - 4. Give o(-3).
2
Let n(t) = 274*t + 23285. Determine n(-85).
-5
Let l(n) = 21*n**2 + 2417*n + 246. Determine l(-115).
16
